{"id":13395,"date":"2020-05-30T15:34:37","date_gmt":"2020-05-30T15:34:37","guid":{"rendered":"http:\/\/slc.se\/?page_id=13395"},"modified":"2020-05-31T15:29:57","modified_gmt":"2020-05-31T15:29:57","slug":"actionpics-rond2-30-31-maj-karlskoga-motorpark","status":"publish","type":"page","link":"https:\/\/slc.se\/?page_id=13395","title":{"rendered":"Actionpics Rond2 30-31 Maj Karlskoga Motorpark"},"content":{"rendered":"<h3>Resultat<\/h3>\n<p><a href=\"http:\/\/slc.se\/wp-content\/uploads\/2020\/05\/actionpics-Tr\u00e4ning-S\u00f6ndag-Results.html\">actionpics &#8211; Tr\u00e4ning S\u00f6ndag &#8211; Results<\/a><br \/>\n<a href=\"http:\/\/slc.se\/wp-content\/uploads\/2020\/05\/actionpics-Tr\u00e4ning-S\u00f6ndag-laptimes.html\">actionpics &#8211; Tr\u00e4ning S\u00f6ndag &#8211; laptimes<\/a><\/p>\n<p><a href=\"http:\/\/slc.se\/wp-content\/uploads\/2020\/05\/actionpics-tr\u00e4ning-saturday-Results.html\">actionpics &#8211; tr\u00e4ning saturday &#8211; Results<\/a><br \/>\n<a href=\"http:\/\/slc.se\/wp-content\/uploads\/2020\/05\/actionpics-tr\u00e4ning-saturday-laptimes.html\">actionpics &#8211; tr\u00e4ning saturday &#8211; laptimes<\/a><\/p>\n<p>&nbsp;<\/p>\n","protected":false},"excerpt":{"rendered":"<p>Resultat actionpics &#8211; Tr\u00e4ning S\u00f6ndag &#8211; Results actionpics &#8211; Tr\u00e4ning S\u00f6ndag &#8211; laptimes actionpics &#8211; tr\u00e4ning saturday &#8211; Results actionpics &#8211; tr\u00e4ning saturday &#8211; laptimes &nbsp;<\/p>\n","protected":false},"author":1,"featured_media":0,"parent":264,"menu_order":0,"comment_status":"closed","ping_status":"closed","template":"","meta":{"footnotes":""},"_links":{"self":[{"href":"https:\/\/slc.se\/index.php?rest_route=\/wp\/v2\/pages\/13395"}],"collection":[{"href":"https:\/\/slc.se\/index.php?rest_route=\/wp\/v2\/pages"}],"about":[{"href":"https:\/\/slc.se\/index.php?rest_route=\/wp\/v2\/types\/page"}],"author":[{"embeddable":true,"href":"https:\/\/slc.se\/index.php?rest_route=\/wp\/v2\/users\/1"}],"replies":[{"embeddable":true,"href":"https:\/\/slc.se\/index.php?rest_route=%2Fwp%2Fv2%2Fcomments&post=13395"}],"version-history":[{"count":3,"href":"https:\/\/slc.se\/index.php?rest_route=\/wp\/v2\/pages\/13395\/revisions"}],"predecessor-version":[{"id":13403,"href":"https:\/\/slc.se\/index.php?rest_route=\/wp\/v2\/pages\/13395\/revisions\/13403"}],"up":[{"embeddable":true,"href":"https:\/\/slc.se\/index.php?rest_route=\/wp\/v2\/pages\/264"}],"wp:attachment":[{"href":"https:\/\/slc.se\/index.php?rest_route=%2Fwp%2Fv2%2Fmedia&parent=13395"}],"curies":[{"name":"wp","href":"https:\/\/api.w.org\/{rel}","templated":true}]}}